rime factors of 2451?
3, 19, 43
What are the prime factors of 17749?
17749
What are the prime factors of 34843?
34843
What are the prime factors of 2174?
2, 1087
What are the prime factors of 497?
7, 71
List the prime factors of 5581.
5581
What are the prime factors of 29?
29
List the prime factors of 1431.
3, 53
List the prime factors of 28299.
3, 9433
List the prime factors of 71089.
71089
What are the prime factors of 53060?
2, 5, 7, 379
What are the prime factors of 161?
7, 23
List the prime factors of 84034.
2, 42017
List the prime factors of 2322.
2, 3, 43
List the prime factors of 27146.
2, 7, 277
What are the prime factors of 1190?
2, 5, 7, 17
List the prime factors of 1702.
2, 23, 37
List the prime factors of 27981.
3, 3109
List the prime factors of 5575.
5, 223
List the prime factors of 107360.
2, 5, 11, 61
What are the prime factors of 101840?
2, 5, 19, 67
What are the prime factors of 33610?
2, 5, 3361
What are the prime factors of 656?
2, 41
What are the prime factors of 333?
3, 37
List the prime factors of 11142.
2, 3, 619
What are the prime factors of 12919?
12919
List the prime factors of 7731.
3, 859
List the prime factors of 8310.
2, 3, 5, 277
List the prime factors of 1588.
2, 397
List the prime factors of 6098.
2, 3049
List the prime factors of 2615.
5, 523
What are the prime factors of 1280?
2, 5
List the prime factors of 1053.
3, 13
What are the prime factors of 14211?
3, 1579
What are the prime factors of 430?
2, 5, 43
What are the prime factors of 1354?
2, 677
List the prime factors of 9829.
9829
What are the prime factors of 5970?
2, 3, 5, 199
List the prime factors of 1523.
1523
What are the prime factors of 5289?
3, 41, 43
What are the prime factors of 102771?
3, 19, 601
List the prime factors of 12113.
12113
List the prime factors of 65540.
2, 5, 29, 113
What are the prime factors of 100219?
7, 103, 139
List the prime factors of 77076.
2, 3, 2141
List the prime factors of 34441.
11, 31, 101
List the prime factors of 141301.
141301
What are the prime factors of 7925?
5, 317
What are the prime factors of 30126?
2, 3, 5021
What are the prime factors of 9584?
2, 599
What are the prime factors of 63688?
2, 19, 419
List the prime factors of 151.
151
List the prime factors of 5652.
2, 3, 157
What are the prime factors of 1360?
2, 5, 17
List the prime factors of 52800.
2, 3, 5, 11
List the prime factors of 8537.
8537
List the prime factors of 2251.
2251
What are the prime factors of 30335?
5, 6067
List the prime factors of 13979.
7, 1997
List the prime factors of 1376.
2, 43
What are the prime factors of 7925?
5, 317
List the prime factors of 118527.
3, 39509
What are the prime factors of 12149?
12149
List the prime factors of 500.
2, 5
List the prime factors of 8548.
2, 2137
List the prime factors of 5002.
2, 41, 61
List the prime factors of 486.
2, 3
List the prime factors of 563.
563
What are the prime factors of 13139?
7, 1877
List the prime factors of 3991.
13, 307
What are the prime factors of 47?
47
What are the prime factors of 3288?
2, 3, 137
List the prime factors of 2822.
2, 17, 83
List the prime factors of 265.
5, 53
List the prime factors of 6275.
5, 251
What are the prime factors of 16654?
2, 11, 757
What are the prime factors of 1813?
7, 37
List the prime factors of 57854.
2, 28927
List the prime factors of 4631.
11, 421
List the prime factors of 21182.
2, 7, 17, 89
What are the prime factors of 93941?
93941
What are the prime factors of 877?
877
List the prime factors of 2990.
2, 5, 13, 23
What are the prime factors of 1249?
1249
List the prime factors of 2309.
2309
List the prime factors of 4241.
4241
List the prime factors of 52.
2, 13
List the prime factors of 566.
2, 283
List the prime factors of 29398.
2, 14699
What are the prime factors of 4762?
2, 2381
List the prime factors of 50579.
37, 1367
List the prime factors of 4071.
3, 23, 59
What are the prime factors of 406?
2, 7, 29
What are the prime factors of 9019?
29, 311
List the prime factors of 55312.
2, 3457
What are the prime factors of 14366?
2, 11, 653
List the prime factors of 14009.
14009
List the prime factors of 16210.
2, 5, 1621
List the prime factors of 233.
233
What are the prime factors of 9074?
2, 13, 349
What are the prime factors of 571?
571
List the prime factors of 15068.
2, 3767
What are the prime factors of 36213?
3, 12071
List the prime factors of 1151.
1151
List the prime factors of 52074.
2, 3, 11, 263
List the prime factors of 69.
3, 23
What are the prime factors of 62959?
13, 29, 167
What are the prime factors of 27644?
2, 6911
List the prime factors of 55711.
55711
List the prime factors of 56456.
2, 7057
What are the prime factors of 7849?
47, 167
List the prime factors of 7486.
2, 19, 197
List the prime factors of 110346.
2, 3, 53, 347
What are the prime factors of 44221?
44221
What are the prime factors of 892?
2, 223
What are the prime factors of 87?
3, 29
List the prime factors of 1089.
3, 11
List the prime factors of 582.
2, 3, 97
List the prime factors of 17937.
3, 1993
List the prime factors of 2496.
2, 3, 13
List the prime factors of 177664.
2, 347
List the prime factors of 42825.
3, 5, 571
What are the prime factors of 28677?
3, 11, 79
List the prime factors of 2530.
2, 5, 11, 23
What are the prime factors of 3842?
2, 17, 113
List the prime factors of 1140.
2, 3, 5, 19
What are the prime factors of 876?
2, 3, 73
What are the prime factors of 6479?
11, 19, 31
List the prime factors of 1032.
2, 3, 43
List the prime factors of 7860.
2, 3, 5, 131
List the prime factors of 3636.
2, 3, 101
What are the prime factors of 82346?
2, 11, 19, 197
What are the prime factors of 331?
331
List the prime factors of 76.
2, 19
List the prime factors of 194.
2, 97
List the prime factors of 3457.
3457
What are the prime factors of 1243?
11, 113
List the prime factors of 5221.
23, 227
What are the prime factors of 2443?
7, 349
List the prime factors of 4254.
2, 3, 709
What are the prime factors of 19266?
2, 3, 13, 19
What are the prime factors of 32?
2
What are the prime factors of 736?
2, 23
What are the prime factors of 11701?
11701
List the prime factors of 1695.
3, 5, 113
List the prime factors of 114065.
5, 7, 3259
What are the prime factors of 64630?
2, 5, 23, 281
What are the prime factors of 145085?
5, 29017
List the prime factors of 19911.
3, 6637
List the prime factors of 1539.
3, 19
List the prime factors of 49288.
2, 61, 101
What are the prime factors of 232?
2, 29
List the prime factors of 10509.
3, 31, 113
List the prime factors of 2167.
11, 197
List the prime factors of 960.
2, 3, 5
List the prime factors of 40282.
2, 11, 1831
List the prime factors of 3846.
2, 3, 641
What are the prime factors of 24655?
5, 4931
List the prime factors of 4113.
3, 457
What are the prime factors of 1849?
43
What are the prime factors of 2049?
3, 683
What are the prime factors of 4726?
2, 17, 139
What are the prime factors of 1035?
3, 5, 23
What are the prime factors of 1098?
2, 3, 61
List the prime factors of 1570.
2, 5, 157
What are the prime factors of 101040?
2, 3, 5, 421
What are the prime factors of 394?
2, 197
What are the prime factors of 67065?
3, 5, 17, 263
List the prime factors of 8967.
3, 7, 61
What are the prime factors of 2692?
2, 673
What are the prime factors of 5225?
5, 11, 19
List the prime factors of 2191.
7, 313
List the prime factors of 18.
2, 3
What are the prime factors of 49?
7
List the prime factors of 2432.
2, 19
What are the prime factors of 3256?
2, 11, 37
List the prime factors of 76.
2, 19
What are the prime factors of 76154?
2, 13, 29, 101
List the prime factors of 177649.
59, 3011
What are the prime factors of 27658?
2, 13829
List the prime factors of 414.
2, 3, 23
What are the prime factors of 25360?
2, 5, 317
List the prime factors of 42101.
42101
What are the prime factors of 5585?
5, 1117
What are the prime factors of 114440?
2, 5, 2861
What are the prime factors of 517?
11, 47
What are the prime factors of 22282?
2, 13, 857
What are the prime factors of 7885?
5, 19, 83
List the prime factors of 3436.
2, 859
What are the prime factors of 6240?
2, 3, 5, 13
What are the prime factors of 2815?
5, 563
What are the prime factors of 219?
3, 73
What are the prime factors of 4593?
3, 1531
List the prime fact